ded by 298?
9
Calculate the remainder when 187 is divided by 42.
19
What is the remainder when 400 is divided by 51?
43
Calculate the remainder when 101 is divided by 22.
13
What is the remainder when 157 is divided by 18?
13
Calculate the remainder when 73 is divided by 16.
9
What is the remainder when 174 is divided by 45?
39
What is the remainder when 345 is divided by 208?
137
What is the remainder when 2003 is divided by 34?
31
Calculate the remainder when 459 is divided by 77.
74
Calculate the remainder when 1607 is divided by 391.
43
What is the remainder when 360 is divided by 97?
69
Calculate the remainder when 269 is divided by 159.
110
What is the remainder when 229 is divided by 24?
13
Calculate the remainder when 88 is divided by 15.
13
Calculate the remainder when 12597 is divided by 43.
41
Calculate the remainder when 297 is divided by 30.
27
What is the remainder when 175 is divided by 37?
27
What is the remainder when 1426 is divided by 55?
51
Calculate the remainder when 60 is divided by 33.
27
Calculate the remainder when 1038 is divided by 95.
88
What is the remainder when 84 is divided by 16?
4
What is the remainder when 640 is divided by 52?
16
Calculate the remainder when 997 is divided by 113.
93
Calculate the remainder when 363 is divided by 41.
35
Calculate the remainder when 562 is divided by 21.
16
What is the remainder when 1923 is divided by 242?
229
Calculate the remainder when 1762 is divided by 136.
130
Calculate the remainder when 4052 is divided by 78.
74
What is the remainder when 21 is divided by 14?
7
Calculate the remainder when 343 is divided by 15.
13
What is the remainder when 30 is divided by 5?
0
What is the remainder when 150 is divided by 52?
46
What is the remainder when 38148 is divided by 243?
240
Calculate the remainder when 384 is divided by 8.
0
Calculate the remainder when 1553 is divided by 436.
245
What is the remainder when 2860 is divided by 54?
52
What is the remainder when 603 is divided by 242?
119
Calculate the remainder when 126 is divided by 11.
5
What is the remainder when 87 is divided by 46?
41
What is the remainder when 128 is divided by 81?
47
What is the remainder when 370 is divided by 68?
30
What is the remainder when 60 is divided by 24?
12
Calculate the remainder when 336 is divided by 68.
64
Calculate the remainder when 2750 is divided by 131.
130
Calculate the remainder when 1006 is divided by 15.
1
Calculate the remainder when 389 is divided by 126.
11
What is the remainder when 148 is divided by 59?
30
Calculate the remainder when 209 is divided by 56.
41
What is the remainder when 346 is divided by 50?
46
What is the remainder when 121 is divided by 17?
2
What is the remainder when 1262 is divided by 490?
282
What is the remainder when 50 is divided by 11?
6
Calculate the remainder when 881 is divided by 52.
49
Calculate the remainder when 23 is divided by 6.
5
What is the remainder when 1195 is divided by 25?
20
Calculate the remainder when 19595 is divided by 23.
22
Calculate the remainder when 194 is divided by 67.
60
What is the remainder when 110 is divided by 60?
50
Calculate the remainder when 4213 is divided by 248.
245
What is the remainder when 196 is divided by 29?
22
Calculate the remainder when 188 is divided by 49.
41
Calculate the remainder when 3512 is divided by 38.
16
Calculate the remainder when 4702 is divided by 940.
2
What is the remainder when 45 is divided by 14?
3
Calculate the remainder when 208 is divided by 78.
52
Calculate the remainder when 839 is divided by 44.
3
Calculate the remainder when 408 is divided by 28.
16
What is the remainder when 29 is divided by 3?
2
What is the remainder when 308 is divided by 107?
94
What is the remainder when 244 is divided by 73?
25
What is the remainder when 117 is divided by 28?
5
What is the remainder when 122 is divided by 17?
3
Calculate the remainder when 1993 is divided by 19.
17
What is the remainder when 2931 is divided by 147?
138
What is the remainder when 2173 is divided by 1065?
43
Calculate the remainder when 513 is divided by 41.
21
Calculate the remainder when 388 is divided by 22.
14
Calculate the remainder when 2541 is divided by 5.
1
Calculate the remainder when 416 is divided by 145.
126
What is the remainder when 353 is divided by 21?
17
What is the remainder when 998 is divided by 231?
74
Calculate the remainder when 569 is divided by 10.
9
What is the remainder when 84 is divided by 10?
4
What is the remainder when 137 is divided by 35?
32
Calculate the remainder when 125 is divided by 18.
17
What is the remainder when 6569 is divided by 1312?
9
What is the remainder when 78 is divided by 1?
0
Calculate the remainder when 131 is divided by 61.
9
What is the remainder when 402 is divided by 3?
0
Calculate the remainder when 211 is divided by 70.
1
What is the remainder when 247 is divided by 28?
23
Calculate the remainder when 9358 is divided by 180.
178
Calculate the remainder when 717 is divided by 40.
37
Calculate the remainder when 663 is divided by 48.
39
What is the remainder when 289 is divided by 29?
28
What is the remainder when 419 is divided by 27?
14
Calculate the remainder when 438 is divided by 22.
20
What is the remainder when 1380 is divided by 27?
3
What is the remainder when 3774 is divided by 63?
57
Calculate the remainder when 580 is divided by 65.
60
Calculate the remainder when 31 is divided by 30.
1
Calculate the remainder when 554 is divided by 62.
58
What is the remainder when 5605 is divided by 55?
50
What is the remainder when 339 is divided by 17?
16
Calculate the remainder when 94 is divided by 18.
4
Calculate the remainder when 182 is divided by 21.
14
What is the remainder when 1166 is divided by 351?
113
What is the remainder when 79 is divided by 3?
1
Calculate the remainder when 58 is divided by 4.
2
Calculate the remainder when 400 is divided by 131.
7
Calculate the remainder when 229 is divided by 216.
13
What is the remainder when 2695 is divided by 23?
4
What is the remainder when 116 is divided by 34?
14
What is the remainder when 183 is divided by 122?
61
Calculate the remainder when 1517 is divided by 59.
42
What is the remainder when 4793 is divided by 59?
14
What is the remainder when 1822 is divided by 73?
70
What is the remainder when 31 is divided by 21?
10
Calculate the remainder when 47 is divided by 9.
2
What is the remainder when 105 is divided by 42?
21
What is the remainder when 250 is divided by 31?
2
What is the remainder when 952 is divided by 26?
16
What is the remainder when 111 is divided by 25?
11
Calculate the remainder when 222 is divided by 15.
12
What is the remainder when 1202 is divided by 17?
12
Calculate the remainder when 1171 is divided by 1166.
5
Calculate the remainder when 182 is divided by 87.
8
What is the remainder when 214 is divided by 12?
10
Calculate the remainder when 418 is divided by 105.
103
Calculate the remainder when 449 is divided by 302.
147
Calculate the remainder when 314 is divided by 9.
8
What is the remainder when 54 is divided by 30?
24
What is the remainder when 6548 is divided by 72?
68
Calculate the remainder when 1052 is divided by 20.
12
Calculate the remainder when 30 is divided by 22.
8
What is the remainder when 22 is divided by 17?
5
What is the remainder when 286 is divided by 78?
52
What is the remainder when 339 is divided by 31?
29
What is the remainder when 155 is divided by 13?
12
What is the remainder when 1093 is divided by 35?
8
Calculate the remainder when 325 is divided by 8.
5
What is the remainder when 1399 is divided by 140?
139
Calculate the remainder when 166 is divided by 88.
78
Calculate the remainder when 58 is divided by 36.
22
What is the remainder when 770 is divided by 112?
98
Calculate the remainder when 361 is divided by 7.
4
Calculate the remainder when 478 is divided by 56.
30
What is the remainder when 2664 is divided by 46?
42
What is the remainder when 563 is divided by 34?
19
What is the remainder when 4750 is divided by 44?
42
Calculate the remainder when 7195 is divided by 122.
119
Calculate the remainder when 2249 is divided by 125.
124
What is the remainder when 132 is divided by 28?
20
Calculate the remainder when 352 is divided by 41.
24
